 of 686226114?
False
Does 683 divide 102911025?
True
Does 346 divide 2291558?
True
Is 175 a factor of 53218900?
True
Is 55032140 a multiple of 54?
False
Does 3143 divide 550405303?
True
Is 49 a factor of 12148175?
False
Is 595 a factor of 20901160?
True
Is 13 a factor of 122346404?
False
Is 77407794 a multiple of 6?
True
Does 146 divide 24855916?
True
Is 1598 a factor of 302629240?
True
Is 127582800 a multiple of 7?
False
Is 5 a factor of 1239020?
True
Is 26407615 a multiple of 5?
True
Is 19 a factor of 1037557617?
False
Does 9 divide 23668371?
True
Is 33262593 a multiple of 481?
True
Does 2797 divide 572679907?
False
Does 6 divide 2267808?
True
Does 90 divide 67079160?
True
Does 629 divide 1476227776?
True
Does 344 divide 992568312?
True
Does 7 divide 770791618?
False
Is 1452 a factor of 20562699?
False
Does 4 divide 227214084?
True
Is 23211231 a multiple of 17?
False
Does 102 divide 86225143?
False
Is 12491519 a multiple of 1200?
False
Does 116 divide 24024644?
True
Does 56 divide 228152792?
True
Is 775094236 a multiple of 1246?
True
Does 444 divide 1407920366?
False
Does 28 divide 649031264?
True
Does 23 divide 3879195189?
False
Does 9 divide 20395557?
True
Does 1736 divide 138037419?
False
Is 80382469 a multiple of 64?
False
Is 141605585 a multiple of 11?
True
Is 71 a factor of 5487164?
True
Is 27 a factor of 5668039?
False
Is 211165548 a multiple of 11?
True
Is 3627872 a multiple of 5?
False
Does 25 divide 91305425?
True
Does 17 divide 4367229?
False
Is 170 a factor of 14014460?
True
Is 9192561 a multiple of 57?
True
Is 15 a factor of 1054806963?
False
Is 1001568257 a multiple of 247?
False
Is 83314620 a multiple of 228?
True
Does 2558 divide 49919824?
False
Does 20 divide 80243420?
True
Is 179148186 a multiple of 189?
True
Is 923518728 a multiple of 2454?
True
Does 21 divide 99998262?
True
Is 1968741 even?
False
Is 3553109387 a multiple of 5422?
False
Is 98 a factor of 674551542?
True
Is 753993855 a multiple of 15?
True
Does 1478 divide 297687263?
False
Is 68 a factor of 94877035?
False
Is 1271 a factor of 986532406?
True
Is 2741541470 a multiple of 6?
False
Does 27 divide 36452481?
False
Is 7 a factor of 235702376?
True
Is 305312826 a multiple of 91?
True
Does 19 divide 878807?
True
Does 210 divide 150692850?
True
Is 31 a factor of 5699416?
False
Is 433779889 a multiple of 3760?
False
Is 1159 a factor of 115452626?
True
Does 2326 divide 36718236?
True
Is 142 a factor of 12547280?
False
Is 24214905 a multiple of 495?
True
Is 881103890 a multiple of 10?
True
Is 2515308609 a multiple of 159?
True
Is 3257 a factor of 161495088?
True
Does 350 divide 865751464?
False
Is 2782411724 a multiple of 428?
False
Is 1148066958 a multiple of 260?
False
Is 13 a factor of 4892480?
False
Is 20253885 a multiple of 17?
True
Does 437 divide 158893637?
True
Is 7551 a factor of 2870286120?
True
Is 13415688 a multiple of 3?
True
Is 2461 a factor of 897457792?
True
Is 1129524430 a multiple of 10?
True
Does 259 divide 2518516?
True
Is 41494629 a multiple of 25?
False
Is 43968884 a multiple of 359?
True
Is 77 a factor of 169666882?
True
Is 11563091 a multiple of 233?
True
Is 13 a factor of 1767976366?
True
Is 433 a factor of 160552070?
True
Does 4796 divide 1759441376?
True
Is 1965 a factor of 1738544543?
False
Is 513755312 a multiple of 217?
True
Does 385 divide 76971895?
True
Does 6 divide 64355104?
False
Does 86 divide 48813102?
False
Is 18273965 a multiple of 76?
False
Is 13225450 a multiple of 203?
True
Does 12 divide 119628492?
True
Does 110 divide 8694812?
False
Is 8982974 a multiple of 143?
True
Does 6 divide 29839824?
True
Is 1860926048 a multiple of 443?
True
Does 572 divide 1568492645?
False
Is 38520969 a multiple of 1586?
False
Does 16 divide 62210656?
True
Is 3 a factor of 61703838?
True
Is 1306849992 a multiple of 42?
True
Is 35 a factor of 51477034?
False
Is 236269357 a multiple of 237?
False
Is 120 a factor of 6186268?
False
Is 207 a factor of 694488476?
False
Is 57022998 a multiple of 102?
True
Is 1092 a factor of 35211540?
True
Is 43822000 a multiple of 400?
True
Does 215 divide 26017772?
False
Is 372 a factor of 968800412?
False
Is 850 a factor of 23531189?
False
Is 11 a factor of 38183902?
False
Is 17048100 a multiple of 12?
True
Does 14 divide 35390473?
False
Is 26218825 a multiple of 588?
False
Does 337 divide 10738181?
False
Is 9495270 a multiple of 3?
True
Is 27214168 a multiple of 1443?
False
Is 23082160 a multiple of 40?
True
Does 477 divide 16530435?
True
Is 93 a factor of 7981443?
False
Is 2690573267 a multiple of 44?
False
Is 41207562 a multiple of 1016?
False
Is 11 a factor of 74104030?
True
Does 168 divide 16344065?
False
Does 6 divide 1221264?
True
Does 233 divide 77778662?
True
Is 8414190 a multiple of 18?
True
Does 25 divide 264861725?
True
Does 3325 divide 19255075?
True
Does 58 divide 14160004?
True
Is 1798 a factor of 1742398648?
True
Does 2 divide 96622445?
False
Does 383 divide 135032065?
False
Is 46283265 a multiple of 603?
True
Is 71 a factor of 45351190?
False
Is 4067409870 a multiple of 186?
True
Is 44399292 a multiple of 1876?
True
Does 19 divide 1264521782?
True
Does 21 divide 1820451854?
False
Does 20 divide 2745616676?
False
Is 294 a factor of 139650294?
True
Does 539 divide 54050711?
False
Is 1476685383 a multiple of 113?
False
Is 13961052 a multiple of 354?
True
Is 2708630 a multiple of 15?
False
Does 146 divide 15187966?
False
Is 110 a factor of 133163989?
False
Does 185 divide 25392415?
False
Does 129 divide 62785074?
True
Does 181 divide 19038454?
False
Is 247 a factor of 1360111428?
True
Does 28 divide 9507316?
True
Is 38186794 a multiple of 1259?
False
Is 7 a factor of 1831265?
False
Is 9439255 a multiple of 68?
False
Is 4 a factor of 65029858?
False
Is 56905046 a multiple of 156?
False
Is 966 a factor of 437354782?
False
Is 37 a factor of 380945118?
True
Is 203 a factor of 4725466?
False
Is 17 a factor of 337492807?
False
Is 621573018 a multiple of 60?
False
Is 5 a factor of 3553031?
False
Is 6 a factor of 77276718?
True
Is 16939566 a multiple of 9?
True
Does 24 divide 31959168?
True
Does 25 divide 211101400?
True
Does 163 divide 6733204?
True
Is 4092 a factor of 2302899852?
True
Does 9387 divide 1633612106?
False
Is 261729360 a multiple of 16?
True
Is 202021121 a multiple of 33?
False
Is 3458 a factor of 108332224?
True
Is 55658748 a multiple of 1004?
True
Does 37 divide 166296056?
True
Is 608 a factor of 127085887?
False
Is 26960323 a multiple of 587?
True
Is 355 a factor of 192995750?
True
Does 5482 divide 270942368?
True
Does 258 divide 128691174?
True
Is 8 a factor of 6789729?
False
Does 44 divide 6663560?
False
Does 7 divide 11608849?
True
Does 190 divide 3910633580?
True
Is 2406 a factor of 1518433818?
True
Is 12 a factor of 35709645?
False
Does 5808 divide 3851598261?
False
Is 599 a factor of 224251219?
False
Is 11 a factor of 5039787753?
True
Is 102 a factor of 189054654?
True
Does 183 divide 283050846?
False
Does 92 divide 851334328?
True
Is 1840363 a multiple of 8?
False
Is 37419646 a multiple of 49?
False
Is 620 a factor of 20766900?
True
Does 5089 divide 1995997402?
True
Is 2 a factor of 1449270?
True
Does 139 divide 6633412?
False
Is 30237030 a multiple of 954?
True
Is 333850769 a multiple of 317?
True
Is 33769336 a multiple of 46?
True
Does 41 divide 196631952?
False
Does 16 divide 1617054264?
False
Does 3531 divide 292283317?
False
Does 281 divide 1607310727?
True
Does 18 divide 16797750?
False
Is 172289970 a multiple of 2034?
True
Does 324 divide 106708752?
True
Does 47 divide 177174208?
True
Does 9 divide 141427358?
False
Does 14 divide 92080024?
False
Does 36 divide 468567?
False
Is 51846299 a multiple of 618?
False
Does 925 divide 177206799?
False
Is 61 a factor of 64644071?
False
Is 2116362118 a multiple of 12?
False
Does 297 divide 819159776?
False
Is 237552623 a multiple of 1302?
False
Is 2 a factor of 8724261?
False
Does 630 divide 7570611?
False
Is 661 a factor of 22766978?
False
Does 192 divide 11383872?
True
Is 48699461 a multiple of 102?
False
Is 1655724 a multiple of 483?
True
Is 27418965 a multiple of 105?
True
Is 8 a factor of 1256042144?
True
Does 11 divide 212942518?
False
Is 7 a factor of 321588981?
True
Is 45 a factor of 86144940?
True
Is 48868093 a multiple of 46?
Fals